8 a multiple of 15?
False
Is 36 a factor of 5926140?
True
Is 85911317 a multiple of 2944?
False
Is 55156989 a multiple of 7?
False
Is 198 a factor of 20363247?
False
Is 18576988 a multiple of 257?
True
Does 566 divide 60221324?
False
Does 408 divide 11503560?
True
Is 1577 a factor of 1669055794?
False
Is 4571518 a multiple of 7?
True
Does 66 divide 56050104?
True
Is 134693892 a multiple of 3359?
False
Does 898 divide 6422496?
True
Is 181 a factor of 95686917?
True
Does 35 divide 796103762?
False
Is 3357322576 a multiple of 148?
True
Is 40 a factor of 1207547626?
False
Is 41549849 a multiple of 11?
True
Is 11 a factor of 22724482?
True
Is 18264026 a multiple of 182?
False
Does 361 divide 387839267?
True
Is 80 a factor of 286248480?
True
Is 172289385 a multiple of 2913?
True
Is 49543464 a multiple of 8?
True
Is 5369 a factor of 4015732812?
True
Is 71697392 a multiple of 9?
False
Is 52376309 a multiple of 32?
False
Is 1323774122 a multiple of 1208?
False
Does 7 divide 70499144?
False
Is 7 a factor of 13460515?
False
Is 1040420304 a multiple of 1008?
True
Does 21 divide 522180666?
True
Is 731 a factor of 14308485?
False
Is 5 a factor of 387754?
False
Is 53895600 a multiple of 528?
True
Is 1916510 a multiple of 430?
True
Is 104079230 a multiple of 311?
False
Does 3 divide 61450941?
True
Is 48867308 a multiple of 1762?
True
Is 84224 a multiple of 352?
False
Does 197 divide 517722732?
False
Is 147791798 a multiple of 2893?
True
Is 234 a factor of 2410902?
True
Does 125 divide 376446555?
False
Is 27873960 a multiple of 1881?
False
Is 67 a factor of 58574616?
True
Is 208605296 even?
True
Is 843918692 a multiple of 17?
True
Is 58844976 a multiple of 74?
False
Is 16 a factor of 777693721?
False
Is 915 a factor of 490782386?
False
Is 97 a factor of 1070719256?
False
Is 7002288 a multiple of 16?
True
Is 28 a factor of 6321448?
True
Is 110 a factor of 3115997590?
False
Is 28946453 a multiple of 158?
False
Is 48 a factor of 36270005?
False
Is 268394348 a multiple of 1354?
False
Is 913 a factor of 12476271?
False
Is 78 a factor of 33410183?
False
Is 98 a factor of 1752318302?
True
Is 68 a factor of 1124489742?
False
Does 8 divide 395150136?
True
Does 3510 divide 38065950?
True
Is 1301381004 a multiple of 5719?
False
Does 500 divide 36816074?
False
Is 16119201 a multiple of 213?
True
Is 2173 a factor of 652780065?
True
Is 392 a factor of 24118976?
True
Is 26103678 a multiple of 1942?
False
Is 121397757 a multiple of 4841?
True
Is 9 a factor of 96241176?
True
Is 9452068 a multiple of 1649?
True
Does 23 divide 8425427?
False
Is 4266279 a multiple of 4?
False
Does 3805 divide 15061772?
False
Is 98231481 a multiple of 28?
False
Is 4446 a factor of 1932453900?
True
Is 1409 a factor of 1552968802?
True
Does 2 divide 20887868?
True
Is 103900559 a multiple of 137?
False
Is 148 a factor of 2517016316?
True
Is 4199420 a multiple of 21?
False
Is 97563004 a multiple of 3662?
True
Is 1714 a factor of 57931486?
True
Does 24 divide 9410246?
False
Does 397 divide 903295291?
True
Is 4199 a factor of 259200071?
True
Is 65 a factor of 1630136?
False
Does 9 divide 931653927?
True
Is 326 a factor of 1343802994?
False
Is 9 a factor of 727288398?
True
Does 115 divide 74172240?
True
Is 6065606 a multiple of 50?
False
Does 3494 divide 1215125202?
False
Does 439 divide 3682833946?
False
Is 400 a factor of 1565773600?
True
Is 1279 a factor of 22764921?
True
Is 949 a factor of 16808688?
True
Does 3 divide 399573765?
True
Is 1017679092 a multiple of 796?
False
Is 6784 a factor of 195094880?
False
Is 14 a factor of 3548860?
True
Is 1032 a factor of 143209446?
False
Is 547 a factor of 5280406?
False
Is 579460530 a multiple of 6?
True
Is 46 a factor of 868492972?
True
Does 15 divide 102788603?
False
Is 547 a factor of 283739840?
True
Is 41251712 a multiple of 32?
True
Does 63 divide 62883264?
False
Is 193014432 a multiple of 5?
False
Is 2 a factor of 13179997?
False
Does 1249 divide 73174787?
False
Is 47473891 a multiple of 3797?
True
Does 14 divide 5228673347?
False
Does 17 divide 94810460?
False
Is 21 a factor of 23141034?
True
Is 140508241 a multiple of 160?
False
Is 56885719 a multiple of 1008?
False
Is 1951 a factor of 7849839?
False
Is 1453 a factor of 204990693?
True
Does 62 divide 1695948?
True
Does 1112 divide 624891735?
False
Does 167 divide 13614842?
True
Is 3684917690 a multiple of 37?
True
Is 2 a factor of 5281539?
False
Does 48 divide 29560490?
False
Is 188270568 a multiple of 830?
False
Is 24 a factor of 8470080?
True
Is 942 a factor of 33294048?
True
Is 2326 a factor of 146382806?
False
Is 52192397 a multiple of 17?
True
Does 540 divide 92187375?
False
Is 70 a factor of 29237600?
True
Does 15 divide 33599160?
True
Is 16619812 a multiple of 374?
True
Is 768 a factor of 2010428928?
True
Is 86089635 a multiple of 26?
False
Is 36624571 a multiple of 13?
False
Is 7156 a factor of 792884800?
True
Does 83 divide 672157001?
False
Is 3756336 a multiple of 2?
True
Is 37745659 a multiple of 173?
True
Is 168 a factor of 45597210?
False
Does 4 divide 943869268?
True
Does 2347 divide 34986729?
True
Is 177 a factor of 2062446752?
False
Is 175 a factor of 908238275?
True
Is 1821 a factor of 20236773?
True
Does 104 divide 28502240?
True
Is 29649964 a multiple of 81?
False
Does 299 divide 423988279?
True
Does 77 divide 81221448?
True
Does 210 divide 2790737040?
True
Is 193 a factor of 2462104667?
True
Does 414 divide 40449870?
True
Does 1788 divide 43546201?
False
Is 10 a factor of 536688820?
True
Does 29 divide 196415356?
False
Is 1293511062 a multiple of 591?
True
Is 585 a factor of 31815704?
False
Does 100 divide 201152595?
False
Is 22 a factor of 2929960?
True
Does 19 divide 110028012?
True
Is 189865464 a multiple of 3527?
True
Is 171 a factor of 259110045?
False
Is 56494050 a multiple of 50?
True
Does 361 divide 39351888?
True
Does 4 divide 15578532?
True
Is 668 a factor of 61089268?
True
Is 4254 a factor of 227275549?
False
Does 46 divide 2950694702?
True
Does 14 divide 338313935?
False
Does 250 divide 122605365?
False
Is 743444761 a multiple of 573?
False
Is 139115098 a multiple of 995?
False
Does 1910 divide 18649994?
False
Does 73 divide 183835916?
False
Does 44 divide 87880364?
True
Does 1486 divide 193785600?
False
Is 52 a factor of 917633340?
True
Is 420032128 a multiple of 16?
True
Does 315 divide 19864127?
False
Is 1849541714 a multiple of 86?
True
Is 2081799835 a multiple of 3859?
False
Is 98 a factor of 170438630?
False
Is 2839 a factor of 417355712?
True
Is 8 a factor of 40822183?
False
Is 815108160 a multiple of 60?
True
Does 2057 divide 2388740602?
False
Is 255 a factor of 4926887?
False
Is 226 a factor of 14694520?
True
Does 631 divide 21814914?
False
Is 44 a factor of 21639573?
False
Does 57 divide 23320221?
False
Is 20 a factor of 954085840?
True
Does 9 divide 1703949228?
True
Is 11882877 a multiple of 17?
False
Is 5 a factor of 70159113?
False
Does 1560 divide 33842640?
True
Is 117 a factor of 52697986?
False
Is 1458184938 a multiple of 14?
True
Is 104 a factor of 92109368?
True
Is 1375 a factor of 345378000?
True
Does 91 divide 178212216?
True
Is 682455102 a multiple of 427?
False
Is 7 a factor of 204286703?
False
Is 12 a factor of 23106900?
True
Is 4451229276 a multiple of 26?
True
Does 1061 divide 111216142?
True
Is 1272483650 a multiple of 2480?
False
Does 76 divide 916923584?
True
Does 3 divide 7122189?
True
Does 38 divide 1024300999?
False
Is 213232526 a multiple of 21?
False
Does 1410 divide 1778441460?
True
Is 1003698864 a multiple of 48?
True
Is 16388209 a multiple of 99?
False
Is 21 a factor of 345174360?
False
Is 122940391 a multiple of 5?
False
Is 40822296 a multiple of 3?
True
Is 561275825 a multiple of 4675?
True
Is 352 a factor of 476166944?
True
Does 624 divide 23901165?
False
Is 3093430 a multiple of 2?
True
Does 426 divide 2336941464?
False
Is 5 a factor of 192975634?
False
Is 134 a factor of 2676325394?
False
Does 60 divide 273599880?
True
Is 115521647 a multiple of 7?
False
Does 226 divide 16553144?
True
Is 258124860 a multiple of 90?
True
Is 2412 a factor of 767998281?
False
Does 61 divide 89511155?
False
Is 11163750 a multiple of 195?
True
Is 243966497 a multiple of 8?
False
Is 2110602 a multiple of 28?
False
Is 558466164 a multiple of 498?
Tru